{"id":792,"date":"2025-08-30T00:44:01","date_gmt":"2025-08-29T22:44:01","guid":{"rendered":"https:\/\/paul-amar.com\/?page_id=792"},"modified":"2026-02-25T15:12:07","modified_gmt":"2026-02-25T14:12:07","slug":"tantra","status":"publish","type":"page","link":"https:\/\/paul-amar.com\/index.php\/tantra\/","title":{"rendered":"TANTRA"},"content":{"rendered":"\n<p>Historiquement, le Yoga et le Tantra ont des sph\u00e8res tr\u00e8s connect\u00e9es entre eux.<\/p>\n\n\n\n<p> Tantra dans son \u00e9thymologie sanskrite signifie Tissage de m\u00e9thodes, Livre ou recueil de pratiques. <\/p>\n\n\n\n<p>Yoga signifie Union. Et le Tantra correspondait aux chemins pour aller dans sa spiritualit\u00e9.<\/p>\n\n\n\n<p>Si la plupart des courants tantriques r\u00e9unissent (comme le yoga) des <strong>pratiques de m\u00e9ditation, de respiration, de &nbsp;danse, de massage, de chants, et de rituels,<\/strong> vous trouverez bien de nombreuses d\u00e9finitions, et autant de vari\u00e9t\u00e9s de Tantra que de facilitateur et d\u2019\u00e9coles. Pour autant, tous lui accordent une dimension <strong>spirituelle<\/strong>.<\/p>\n\n\n\n<p>Une diff\u00e9rence majeure avec le Yoga, le Tantra inclut traditionnellement des enseignements sur l&rsquo;\u00e9panouissement des relations intimes. C&rsquo;est pour cela qu&rsquo;il convient de bien se renseigner avant d&rsquo;explorer ce chemin, sur les courants, facilitateurs leurs cadres et leurs pratiques.<\/p>\n\n\n\n<p><\/p>\n\n\n\n<h2 class=\"wp-block-heading\">LE TANTRA : &nbsp;&nbsp;un chemin d\u2019\u00e9veil ?<\/h2>\n\n\n\n<figure class=\"wp-block-gallery has-nested-images columns-default is-cropped wp-block-gallery-2 is-layout-flex wp-block-gallery-is-layout-flex\">\n<figure class=\"wp-block-image size-large\"><img loading=\"lazy\" decoding=\"async\" width=\"768\" height=\"1024\" data-id=\"799\" src=\"https:\/\/paul-amar.com\/wp-content\/uploads\/2025\/08\/IMG-20250217-Erotypes-mirror-768x1024.jpg\" alt=\"\" class=\"wp-image-799\"\/><\/figure>\n\n\n\n<figure class=\"wp-block-image size-full\"><img loading=\"lazy\" decoding=\"async\" width=\"516\" height=\"500\" data-id=\"852\" src=\"https:\/\/paul-amar.com\/wp-content\/uploads\/2025\/08\/SARASWATI.jpg\" alt=\"\" class=\"wp-image-852\" srcset=\"https:\/\/paul-amar.com\/wp-content\/uploads\/2025\/08\/SARASWATI.jpg 516w, https:\/\/paul-amar.com\/wp-content\/uploads\/2025\/08\/SARASWATI-480x465.jpg 480w\" sizes=\"(min-width: 0px) and (max-width: 480px) 480px, (min-width: 481px) 516px, 100vw\" \/><\/figure>\n\n\n\n<figure class=\"wp-block-image size-large\"><img loading=\"lazy\" decoding=\"async\" width=\"768\" height=\"1024\" data-id=\"800\" src=\"https:\/\/paul-amar.com\/wp-content\/uploads\/2025\/08\/Shivari-tantra-festival-Pauls-break-768x1024.jpg\" alt=\"\" class=\"wp-image-800\"\/><\/figure>\n<\/figure>\n\n\n\n<p>Oui, et paradoxalement, un savant m\u00e9lange de l\u00e9g\u00e8ret\u00e9 et de s\u00e9rieux, une belle dose d&rsquo;humour et de l\u00e2cher-prise, une authenticit\u00e9 d&rsquo;\u00eatre et une connexion \u00e0 plus grand que soi !<\/p>\n\n\n\n<p>Les mots cl\u00e9s \u00e0 mes yeux &nbsp;: &nbsp;<strong>Paix, Amour, Union, Libert\u00e9, &nbsp;Respect, Alliance,  Joie,<\/strong> <\/p>\n\n\n\n<p>Une icone inspirante ?  <strong>Saraswati,<\/strong> D\u00e9esse de la sagesse, de la connaissance, des arts, et de bien d&rsquo;autres choses<\/p>\n\n\n\n<p><\/p>\n\n\n\n<h2 class=\"wp-block-heading\">MES CHEMINS&nbsp;: diversit\u00e9 et pluralit\u00e9 &nbsp;<\/h2>\n\n\n\n<p>&nbsp;<\/p>\n\n\n\n<p>Mon chemin &nbsp;a d&rsquo;abord \u00e9t\u00e9 empreint&nbsp;de <strong>massages<\/strong>, de <strong>danses&nbsp;m\u00e9ditatives<\/strong>, puis de pratiques <strong>tantriques<\/strong> (m\u00e9ditation active\u2026)<\/p>\n\n\n\n<p>Durant des ann\u00e9es, j\u2019ai exp\u00e9riment\u00e9 plusieurs voies tantriques : Tao tantra, n\u00e9oTantra, tantra traditionnel \u2026et je me suis form\u00e9 aupr\u00e8s de diff\u00e9rents enseignants et r\u00e9f\u00e9rents : Skydancing, \u00e9cole de Margot Anand, Daniel Odier et son shiva\u00efsme du cachemire, Tao Tantra avec Mantak Chia, Nava tantra et Tantra Deva dans la lign\u00e9e de Sudheer&#8230;<\/p>\n\n\n\n<p>Globalement, j&rsquo;ai choisi de vivre et de diffuser une d\u00e9marche <strong>int\u00e9grative<\/strong> et dans la <strong>diversit\u00e9<\/strong>. Pas de dogmatisme&nbsp;!<\/p>\n\n\n\n<p><\/p>\n\n\n\n<h2 class=\"wp-block-heading\">MES PROPOSITIONS&nbsp;:<\/h2>\n\n\n\n<p>Fort de mon exp\u00e9rience en France et \u00e0 l&rsquo;international, je propose diff\u00e9rents formats pour les d\u00e9butants jusqu&rsquo;aux exp\u00e9riment\u00e9s : <\/p>\n\n\n\n<ul class=\"wp-block-list\">\n<li><strong>Soir\u00e9es initiation ou exp\u00e9rimentation<\/strong><\/li>\n\n\n\n<li><strong>Stages et retraites<\/strong> : Nuits tantriques, du D\u00e9sir au Plaisir, Slow sex pour couples&#8230;<\/li>\n\n\n\n<li><strong>Workshops, Rituels et Temples<\/strong> en festival en France et \u00e0 l\u2019international : Tantra Joy festival, Tantramour Festival, Koh Phangan Shivari Festival&#8230;<\/li>\n<\/ul>\n\n\n\n<div class=\"wp-block-buttons is-layout-flex wp-block-buttons-is-layout-flex\">\n<div class=\"wp-block-button\"><a class=\"wp-block-button__link wp-element-button\" href=\"http:\/\/www.paul-amar.com\/evenements\">Lien vers mes \u00e9v\u00e9nements sur ce site<\/a><\/div>\n<\/div>\n\n\n\n<p><\/p>\n\n\n\n<div class=\"wp-block-buttons is-layout-flex wp-block-buttons-is-layout-flex\">\n<div class=\"wp-block-button\"><a class=\"wp-block-button__link wp-element-button\" href=\"http:\/\/www.facebook.com\/paul.amar.75\/events\">Lien vers mes \u00e9v\u00e9nements sur Facebook<\/a><\/div>\n<\/div>\n\n\n\n<p><\/p>\n\n\n\n<figure class=\"wp-block-image size-large\"><img loading=\"lazy\" decoding=\"async\" width=\"1024\" height=\"588\" src=\"https:\/\/paul-amar.com\/wp-content\/uploads\/2025\/08\/Rituel-d-amour-Khala-Paul-2-1024x588.png\" alt=\"\" class=\"wp-image-826\" srcset=\"https:\/\/paul-amar.com\/wp-content\/uploads\/2025\/08\/Rituel-d-amour-Khala-Paul-2-980x562.png 980w, https:\/\/paul-amar.com\/wp-content\/uploads\/2025\/08\/Rituel-d-amour-Khala-Paul-2-480x275.png 480w\" sizes=\"(min-width: 0px) and (max-width: 480px) 480px, (min-width: 481px) and (max-width: 980px) 980px, (min-width: 981px) 1024px, 100vw\" \/><\/figure>\n\n\n\n<figure class=\"wp-block-gallery has-nested-images columns-default is-cropped wp-block-gallery-3 is-layout-flex wp-block-gallery-is-layout-flex\">\n<figure class=\"wp-block-image size-large\"><img loading=\"lazy\" decoding=\"async\" width=\"557\" height=\"1024\" data-id=\"825\" src=\"https:\/\/paul-amar.com\/wp-content\/uploads\/2025\/08\/Khala-Paul-Anime-TJF-2025-rgn-1-557x1024.jpg\" alt=\"\" class=\"wp-image-825\"\/><\/figure>\n\n\n\n<figure class=\"wp-block-image size-large\"><img loading=\"lazy\" decoding=\"async\" width=\"768\" height=\"1024\" data-id=\"814\" src=\"https:\/\/paul-amar.com\/wp-content\/uploads\/2025\/08\/Sivari-Tantra-festival-Night-ritual-1-768x1024.jpg\" alt=\"\" class=\"wp-image-814\"\/><\/figure>\n<\/figure>\n\n\n\n<p>Cette diversit\u00e9 dans les couleurs des tantras, je la vie gr\u00e2ce \u00e0 la <strong>co-cr\u00e9ation<\/strong> et la <strong>co-animation<\/strong> d\u2019\u00e9v\u00e8nements et de stages avec des personnes qui m\u2019inspirent dans leur vision singuli\u00e8re<\/p>\n\n\n\n<p>Le terme cl\u00e9 pour cela est <strong>Alliance<\/strong>.&nbsp;<\/p>\n\n\n\n<p>&nbsp;J\u2019aime la vraie co-animation, non pas celle qui partage le planning en 2 et ou chacun fait sa partie, mais belle et bien celle qui fait que l\u2019on rebondit sur les phrases de l\u2019autre, ou la fluidit\u00e9 relationnelle permet d\u2019ajuster le programme dans l\u2019instant en fonction du groupe, o\u00f9 les mots jaillissent avec pertinence, dans l\u2019\u00e9quilibre et l\u2019harmonie, dans le respect mutuel de la diff\u00e9rence de valeurs et d\u2019opinions.<\/p>\n\n\n\n<p>Ainsi, je me r\u00e9jouis des alliances de co-facilitation&nbsp;que j\u2019ai pu exp\u00e9rimenter avec :&nbsp;<\/p>\n\n\n\n<p>&#8211; <strong>Khala,<\/strong> facilitatrice de yoga, tantra et m\u00e9ditation, voyage sonore aux bols de cristal, professeur de danse, pour un Tantra encore plus connect\u00e9 \u00e0 soi-m\u00eame, aux autres et au Divin. Une hymne \u00e0 la beaut\u00e9, au sacr\u00e9 et \u00e0 la sensualit\u00e9.&nbsp;<\/p>\n\n\n\n<figure class=\"wp-block-gallery has-nested-images columns-default is-cropped wp-block-gallery-4 is-layout-flex wp-block-gallery-is-layout-flex\">\n<figure class=\"wp-block-image size-large\"><img loading=\"lazy\" decoding=\"async\" width=\"829\" height=\"1024\" data-id=\"810\" src=\"https:\/\/paul-amar.com\/wp-content\/uploads\/2025\/08\/Tantra-joy-Duo-Khala-Paul-HD-829x1024.png\" alt=\"\" class=\"wp-image-810\"\/><\/figure>\n\n\n\n<figure class=\"wp-block-image size-large\"><img loading=\"lazy\" decoding=\"async\" width=\"1024\" height=\"639\" data-id=\"807\" src=\"https:\/\/paul-amar.com\/wp-content\/uploads\/2025\/08\/Anim-Rituel-damour-Khala-Paul-1024x639.jpg\" alt=\"\" class=\"wp-image-807\" srcset=\"https:\/\/paul-amar.com\/wp-content\/uploads\/2025\/08\/Anim-Rituel-damour-Khala-Paul-980x612.jpg 980w, https:\/\/paul-amar.com\/wp-content\/uploads\/2025\/08\/Anim-Rituel-damour-Khala-Paul-480x300.jpg 480w\" sizes=\"(min-width: 0px) and (max-width: 480px) 480px, (min-width: 481px) and (max-width: 980px) 980px, (min-width: 981px) 1024px, 100vw\" \/><\/figure>\n\n\n\n<figure class=\"wp-block-image size-large\"><img loading=\"lazy\" decoding=\"async\" width=\"768\" height=\"1024\" data-id=\"804\" src=\"https:\/\/paul-amar.com\/wp-content\/uploads\/2025\/08\/Khala-Paul-Tenue-atelier-massages-celestes-2025-768x1024.jpg\" alt=\"\" class=\"wp-image-804\"\/><\/figure>\n<\/figure>\n\n\n\n<p><br>&#8211; <strong>S\u00e9verine Grisel Goetz<\/strong>, psychologue clinicienne et Animatrice de Stages et Soir\u00e9es d\u2019Inspiration Tantrique, pour un n\u00e9o-tantra assum\u00e9<\/p>\n\n\n\n<figure class=\"wp-block-gallery has-nested-images columns-default is-cropped wp-block-gallery-5 is-layout-flex wp-block-gallery-is-layout-flex\">\n<figure class=\"wp-block-image size-large\"><img loading=\"lazy\" decoding=\"async\" width=\"685\" height=\"1024\" data-id=\"811\" src=\"https:\/\/paul-amar.com\/wp-content\/uploads\/2025\/08\/IMG-20240603-WA0017-685x1024.jpg\" alt=\"\" class=\"wp-image-811\"\/><\/figure>\n\n\n\n<figure class=\"wp-block-image size-large\"><img loading=\"lazy\" decoding=\"async\" width=\"612\" height=\"408\" data-id=\"820\" src=\"https:\/\/paul-amar.com\/wp-content\/uploads\/2025\/08\/Photo-Masque-1.jpg\" alt=\"\" class=\"wp-image-820\" srcset=\"https:\/\/paul-amar.com\/wp-content\/uploads\/2025\/08\/Photo-Masque-1.jpg 612w, https:\/\/paul-amar.com\/wp-content\/uploads\/2025\/08\/Photo-Masque-1-480x320.jpg 480w\" sizes=\"(min-width: 0px) and (max-width: 480px) 480px, (min-width: 481px) 612px, 100vw\" \/><\/figure>\n\n\n\n<figure class=\"wp-block-image size-large\"><img loading=\"lazy\" decoding=\"async\" width=\"801\" height=\"1024\" data-id=\"669\" src=\"https:\/\/paul-amar.com\/wp-content\/uploads\/2025\/08\/Photo-Sev-Paul-duo-801x1024.jpg\" alt=\"\" class=\"wp-image-669\"\/><\/figure>\n<\/figure>\n\n\n\n<p>&#8211; <strong>Audrey Barthelemy<\/strong>, sexoth\u00e9rapeute, Eroguide certifi\u00e9 Erotypes et facilitatrice tantra, pour un tantra \u00e9clair\u00e9 et gu\u00e9risseur avec une touche alchimiste.<\/p>\n\n\n\n<figure class=\"wp-block-gallery has-nested-images columns-default is-cropped wp-block-gallery-6 is-layout-flex wp-block-gallery-is-layout-flex\">\n<figure class=\"wp-block-image size-large\"><img loading=\"lazy\" decoding=\"async\" width=\"1024\" height=\"768\" data-id=\"674\" src=\"https:\/\/paul-amar.com\/wp-content\/uploads\/2025\/08\/Paul-Audrey-Hameau-1-1024x768.jpg\" alt=\"\" class=\"wp-image-674\" srcset=\"https:\/\/paul-amar.com\/wp-content\/uploads\/2025\/08\/Paul-Audrey-Hameau-1-980x735.jpg 980w, https:\/\/paul-amar.com\/wp-content\/uploads\/2025\/08\/Paul-Audrey-Hameau-1-480x360.jpg 480w\" sizes=\"(min-width: 0px) and (max-width: 480px) 480px, (min-width: 481px) and (max-width: 980px) 980px, (min-width: 981px) 1024px, 100vw\" \/><\/figure>\n\n\n\n<figure class=\"wp-block-image size-large\"><img loading=\"lazy\" decoding=\"async\" width=\"1024\" height=\"1024\" data-id=\"850\" src=\"https:\/\/paul-amar.com\/wp-content\/uploads\/2025\/08\/20250503_Salle-1-1-1024x1024.jpg\" alt=\"\" class=\"wp-image-850\" srcset=\"https:\/\/paul-amar.com\/wp-content\/uploads\/2025\/08\/20250503_Salle-1-1-980x980.jpg 980w, https:\/\/paul-amar.com\/wp-content\/uploads\/2025\/08\/20250503_Salle-1-1-480x480.jpg 480w\" sizes=\"(min-width: 0px) and (max-width: 480px) 480px, (min-width: 481px) and (max-width: 980px) 980px, (min-width: 981px) 1024px, 100vw\" \/><\/figure>\n\n\n\n<figure class=\"wp-block-image size-large\"><img loading=\"lazy\" decoding=\"async\" width=\"1024\" height=\"1011\" data-id=\"815\" src=\"https:\/\/paul-amar.com\/wp-content\/uploads\/2025\/08\/Audrey-Paul-Piscine-Angris-050525-1024x1011.jpg\" alt=\"\" class=\"wp-image-815\" srcset=\"https:\/\/paul-amar.com\/wp-content\/uploads\/2025\/08\/Audrey-Paul-Piscine-Angris-050525-1024x1011.jpg 1024w, https:\/\/paul-amar.com\/wp-content\/uploads\/2025\/08\/Audrey-Paul-Piscine-Angris-050525-980x967.jpg 980w, https:\/\/paul-amar.com\/wp-content\/uploads\/2025\/08\/Audrey-Paul-Piscine-Angris-050525-480x474.jpg 480w\" sizes=\"(min-width: 0px) and (max-width: 480px) 480px, (min-width: 481px) and (max-width: 980px) 980px, (min-width: 981px) 1024px, 100vw\" \/><\/figure>\n<\/figure>\n\n\n\n<p><\/p>\n\n\n\n<h2 class=\"wp-block-heading\">VERS UN TANTRA RELATIONNEL<strong>&nbsp;:<\/strong><\/h2>\n\n\n\n<p><\/p>\n\n\n\n<p>Ce que je ch\u00e9ris le plus dans le tantra, c\u2019est sa dimension relationnelle, et en particulier la voie royale qu\u2019il repr\u00e9sente pour les <strong>couples.<\/strong>&nbsp;<\/p>\n\n\n\n<figure class=\"wp-block-gallery has-nested-images columns-default is-cropped wp-block-gallery-7 is-layout-flex wp-block-gallery-is-layout-flex\">\n<figure class=\"wp-block-image size-large\"><img loading=\"lazy\" decoding=\"async\" width=\"1024\" height=\"1024\" data-id=\"805\" src=\"https:\/\/paul-amar.com\/wp-content\/uploads\/2025\/08\/Couple-amour-sacre--1024x1024.jpg\" alt=\"\" class=\"wp-image-805\" srcset=\"https:\/\/paul-amar.com\/wp-content\/uploads\/2025\/08\/Couple-amour-sacre--1024x1024.jpg 1024w, https:\/\/paul-amar.com\/wp-content\/uploads\/2025\/08\/Couple-amour-sacre--980x980.jpg 980w, https:\/\/paul-amar.com\/wp-content\/uploads\/2025\/08\/Couple-amour-sacre--480x480.jpg 480w\" sizes=\"(min-width: 0px) and (max-width: 480px) 480px, (min-width: 481px) and (max-width: 980px) 980px, (min-width: 981px) 1024px, 100vw\" \/><\/figure>\n\n\n\n<figure class=\"wp-block-image size-large\"><img loading=\"lazy\" decoding=\"async\" width=\"683\" height=\"1024\" data-id=\"803\" src=\"https:\/\/paul-amar.com\/wp-content\/uploads\/2025\/08\/sensual-blind-683x1024.jpg\" alt=\"\" class=\"wp-image-803\"\/><\/figure>\n<\/figure>\n\n\n\n<p><br>Je prends un soin d\u00e9licat \u00e0 les accueillir dans les stages, sachant la vuln\u00e9rabilit\u00e9 et la fragilit\u00e9 de ce lien d\u2019amour. Quand un couple vient en stage, je consid\u00e8re qu\u2019il y a une troisi\u00e8me entit\u00e9 \u00e0 accueillir&nbsp;: la relation&nbsp;!<\/p>\n\n\n\n<p>Je suis Coach holistique et Love coach :  une de mes sp\u00e9cificit\u00e9s est d\u2019accompagner chaque personne sur toutes les dimensions et en particulier,  relationnelle. <\/p>\n\n\n\n<p>Et ce, y compris en amont, pendant et en aval de chaque stage ou retraite&nbsp;:<\/p>\n\n\n\n<ul class=\"wp-block-list\">\n<li>Entretien syst\u00e9matique de 40 minutes en amont du stage pour conna\u00eetre l\u00e0 o\u00f9 en est chaque participant (y compris au sein de leur couple, le cas \u00e9ch\u00e9ant)<\/li>\n\n\n\n<li>Travail syst\u00e9matique durant les \u00e9v\u00e9nements sur le consentement et les r\u00e8gles de s\u00e9curit\u00e9<\/li>\n\n\n\n<li> Messages personnalis\u00e9s au moment opportun lors du stage pour inviter chaque participant \u00e0 avancer sur son chemin,<\/li>\n\n\n\n<li>Session de coaching collectif post-stage pour permettre une int\u00e9gration des apprentissages et la continuit\u00e9 de l\u2019accompagnement&nbsp;<\/li>\n<\/ul>\n\n\n\n<p>Dans mes nombreuses propositions de retraites, stages ou \u00e9v\u00e8nements, <strong>la relation<\/strong> est au centre&nbsp;!&nbsp; <\/p>\n\n\n\n<p>D\u2019ailleurs, m\u00eame dans mon activit\u00e9 de professeur de yoga, j\u2019enseigne du <a href=\"http:\/\/paul-amar.com\/index.php\/yoga2\/\" target=\"_blank\" rel=\"noreferrer noopener\">Yoga Partner<\/a> : <strong>YOGA2\u00ae<\/strong>, un yoga relationnel et fun qui se pratique \u00e0 deux. <\/p>\n\n\n\n<div class=\"wp-block-buttons is-layout-flex wp-block-buttons-is-layout-flex\">\n<div class=\"wp-block-button\"><a class=\"wp-block-button__link wp-element-button\" href=\"http:\/\/www.paul-amar.com\/yoga2\">Lien vers la page Yoga2<\/a><\/div>\n<\/div>\n\n\n\n<p><\/p>\n\n\n\n<h2 class=\"wp-block-heading\"><strong>MASSAGE&nbsp;:<\/strong> la voie incarn\u00e9e de la spiritualit\u00e9&nbsp;?<\/h2>\n\n\n\n<figure class=\"wp-block-image size-large is-resized\"><img loading=\"lazy\" decoding=\"async\" width=\"1024\" height=\"523\" src=\"https:\/\/paul-amar.com\/wp-content\/uploads\/2025\/08\/Massage-image-1-1024x523.jpg\" alt=\"\" class=\"wp-image-858\" style=\"width:499px;height:auto\" srcset=\"https:\/\/paul-amar.com\/wp-content\/uploads\/2025\/08\/Massage-image-1-1024x523.jpg 1024w, https:\/\/paul-amar.com\/wp-content\/uploads\/2025\/08\/Massage-image-1-980x500.jpg 980w, https:\/\/paul-amar.com\/wp-content\/uploads\/2025\/08\/Massage-image-1-480x245.jpg 480w\" sizes=\"(min-width: 0px) and (max-width: 480px) 480px, (min-width: 481px) and (max-width: 980px) 980px, (min-width: 981px) 1024px, 100vw\" \/><\/figure>\n\n\n\n<p>Mon initiation au tantra a commenc\u00e9 par un massage tantrique, j\u2019\u00e9tais d\u00e9j\u00e0 un grand fan de nombreux types de massage. Ce fut une r\u00e9v\u00e9lation !<\/p>\n\n\n\n<p>Un de mes sens les plus actifs et r\u00e9ceptifs est le kinesth\u00e9sique, et cela s\u2019est d\u00e9velopp\u00e9 encore davantage lorsque mon \u00e9nergie a \u00e9t\u00e9 d\u00e9bloqu\u00e9e, comme si mes mains se dotaient d\u2019un toucher \u00ab&nbsp;intuitif et intelligent&nbsp;\u00bb<\/p>\n\n\n\n<p>Depuis ces d\u00e9buts, je me suis form\u00e9 \u00e0 de nombreux types de massage&nbsp;: tantrique (diff\u00e9rentes voies), \u00e9nerg\u00e9tique, intuitif, chamanique, vietnamien, chinois, bien-\u00eatre, tao \u2026et je continue mon exploration, car la connexion au corps est, \u00e0 mes yeux,&nbsp;un magnifique chemin vers le divin.<\/p>\n\n\n\n<p>j\u2019exerce depuis quelques ann\u00e9es sur Paris, occasionnellement et uniquement avec ma partenaire de massage tantrique lorsqu&rsquo;elle propose des massages 4 mains.&nbsp;<\/p>\n\n\n\n<h2 class=\"wp-block-heading\">Sp\u00e9cial couple : le mariage tantrique <\/h2>\n\n\n\n<p>L\u2019amour est souvent le point d\u2019orgue de mes propositions&nbsp;; ma pr\u00e9f\u00e9r\u00e9e derni\u00e8rement&nbsp;? &nbsp;<\/p>\n\n\n\n<p>Le rituel d&rsquo;amour et le&nbsp;<strong>mariage tantrique<\/strong> que nous avons propos\u00e9 \u00e0 des couples amoureux et des duos tantriques ! <\/p>\n\n\n\n<figure class=\"wp-block-gallery has-nested-images columns-default is-cropped wp-block-gallery-8 is-layout-flex wp-block-gallery-is-layout-flex\">\n<figure class=\"wp-block-image size-large\"><img loading=\"lazy\" decoding=\"async\" width=\"576\" height=\"1024\" data-id=\"822\" src=\"https:\/\/paul-amar.com\/wp-content\/uploads\/2025\/08\/St-Valentine-Tantric-Wedding.jpg-576x1024.jpg\" alt=\"\" class=\"wp-image-822\"\/><\/figure>\n\n\n\n<figure class=\"wp-block-image size-large\"><img loading=\"lazy\" decoding=\"async\" width=\"1024\" height=\"763\" data-id=\"806\" src=\"https:\/\/paul-amar.com\/wp-content\/uploads\/2025\/08\/Paul-Khala-allonges-fleurs-recadree-VF-1024x763.jpg\" alt=\"\" class=\"wp-image-806\" srcset=\"https:\/\/paul-amar.com\/wp-content\/uploads\/2025\/08\/Paul-Khala-allonges-fleurs-recadree-VF-1024x763.jpg 1024w, https:\/\/paul-amar.com\/wp-content\/uploads\/2025\/08\/Paul-Khala-allonges-fleurs-recadree-VF-980x730.jpg 980w, https:\/\/paul-amar.com\/wp-content\/uploads\/2025\/08\/Paul-Khala-allonges-fleurs-recadree-VF-480x358.jpg 480w\" sizes=\"(min-width: 0px) and (max-width: 480px) 480px, (min-width: 481px) and (max-width: 980px) 980px, (min-width: 981px) 1024px, 100vw\" \/><\/figure>\n\n\n\n<figure class=\"wp-block-image size-large\"><img loading=\"lazy\" decoding=\"async\" width=\"768\" height=\"1024\" data-id=\"795\" src=\"https:\/\/paul-amar.com\/wp-content\/uploads\/2025\/08\/20250214_222830-768x1024.jpg\" alt=\"\" class=\"wp-image-795\"\/><\/figure>\n<\/figure>\n\n\n\n<p><\/p>\n\n\n\n<p>Explorer les notions de libert\u00e9 et d&rsquo;engagement, de conscience et de pr\u00e9sence pour un \u00e9quilibre centr\u00e9 et  align\u00e9 , de connexion \u00e0 l&rsquo;autre et au divin, d&rsquo;\u00e9panouissement des relations amoureuses et intimes, de diffusion de l&rsquo;amour pour plus d&rsquo;humanit\u00e9, quelle <strong>belle mission de vie<\/strong> ! <\/p>\n\n\n\n<p>A tr\u00e8s bient\u00f4t, pour vous accueillir dans nos \u00e9v\u00e9nements !<\/p>\n\n\n\n<p><strong>Love &amp; Light<\/strong>,<\/p>\n\n\n\n<p><\/p>\n","protected":false},"excerpt":{"rendered":"<p>Historiquement, le Yoga et le Tantra ont des sph\u00e8res tr\u00e8s connect\u00e9es entre eux. Tantra dans son \u00e9thymologie sanskrite signifie Tissage de m\u00e9thodes, Livre ou recueil de pratiques. Yoga signifie Union. [&hellip;]<\/p>\n","protected":false},"author":1,"featured_media":0,"parent":0,"menu_order":0,"comment_status":"closed","ping_status":"closed","template":"","meta":{"_et_pb_use_builder":"off","_et_pb_old_content":"","_et_gb_content_width":"","_monsterinsights_skip_tracking":false,"_monsterinsights_sitenote_active":false,"_monsterinsights_sitenote_note":"","_monsterinsights_sitenote_category":0,"footnotes":""},"class_list":["post-792","page","type-page","status-publish","hentry"],"_links":{"self":[{"href":"https:\/\/paul-amar.com\/index.php\/wp-json\/wp\/v2\/pages\/792","targetHints":{"allow":["GET"]}}],"collection":[{"href":"https:\/\/paul-amar.com\/index.php\/wp-json\/wp\/v2\/pages"}],"about":[{"href":"https:\/\/paul-amar.com\/index.php\/wp-json\/wp\/v2\/types\/page"}],"author":[{"embeddable":true,"href":"https:\/\/paul-amar.com\/index.php\/wp-json\/wp\/v2\/users\/1"}],"replies":[{"embeddable":true,"href":"https:\/\/paul-amar.com\/index.php\/wp-json\/wp\/v2\/comments?post=792"}],"version-history":[{"count":11,"href":"https:\/\/paul-amar.com\/index.php\/wp-json\/wp\/v2\/pages\/792\/revisions"}],"predecessor-version":[{"id":859,"href":"https:\/\/paul-amar.com\/index.php\/wp-json\/wp\/v2\/pages\/792\/revisions\/859"}],"wp:attachment":[{"href":"https:\/\/paul-amar.com\/index.php\/wp-json\/wp\/v2\/media?parent=792"}],"curies":[{"name":"wp","href":"https:\/\/api.w.org\/{rel}","templated":true}]}}