{"id":177,"date":"2020-11-16T22:25:33","date_gmt":"2020-11-16T21:25:33","guid":{"rendered":"http:\/\/paul-amar.com\/?page_id=177"},"modified":"2026-02-25T15:12:07","modified_gmt":"2026-02-25T14:12:07","slug":"coaching-pro","status":"publish","type":"page","link":"https:\/\/paul-amar.com\/index.php\/coaching-pro\/","title":{"rendered":"Coaching Pro"},"content":{"rendered":"\n<figure class=\"wp-block-image size-large\"><img loading=\"lazy\" decoding=\"async\" width=\"471\" height=\"706\" src=\"http:\/\/paul-amar.com\/wp-content\/uploads\/2020\/12\/photo-PA-cadre-edited.jpg\" alt=\"\" class=\"wp-image-222\" srcset=\"https:\/\/paul-amar.com\/wp-content\/uploads\/2020\/12\/photo-PA-cadre-edited.jpg 471w, https:\/\/paul-amar.com\/wp-content\/uploads\/2020\/12\/photo-PA-cadre-edited-200x300.jpg 200w\" sizes=\"(max-width: 471px) 100vw, 471px\" \/><figcaption class=\"wp-element-caption\">Un cadre diff\u00e9rent pour une nouvelle carte du monde<\/figcaption><\/figure>\n\n\n\n<h2 class=\"wp-block-heading\">Je suis coach pro : <\/h2>\n\n\n\n<p>Un professionnel form\u00e9 et certifi\u00e9 pour accompagner une personne ou un groupe de personnes dans le savoir-\u00eatre<\/p>\n\n\n\n<p><strong>Quel type de coach suis-je ?<\/strong> <\/p>\n\n\n\n<p>Je suis un <strong>coach global<\/strong>, <\/p>\n\n\n\n<p>Certains disent holistique mais je pr\u00e9f\u00e8re le mot \u00ab\u00a0global\u00a0\u00bb<\/p>\n\n\n\n<p>C\u2019est-\u00e0-dire que j\u2019appartiens \u00e0 ce courant humaniste qui pense que tout est reli\u00e9 et que si j\u2019accompagne une personne, les transformations activ\u00e9es dans la dimension professionnelle va forc\u00e9ment r\u00e9sonner dans la dimension personnelle \u2026et inversement<\/p>\n\n\n\n<p>Je suis un <strong>coach int\u00e9gratif,<\/strong> <\/p>\n\n\n\n<p>c\u2019est-\u00e0-dire que je ne suis pas un exclusif d\u2019une seule approche de coaching\u00a0; au contraire je suis un v\u00e9ritable architecte designer qui va puiser dans diff\u00e9rentes approches les outils ou s\u00e9quences qui vont \u00eatre les meilleurs acc\u00e9l\u00e9rateurs de transformation<\/p>\n\n\n\n<p>Je suis un <strong>coach intuitif<\/strong>, cela ne s\u2019apprend pas dans les \u00e9coles de coaching.<br>Cela se r\u00e9v\u00e8le \u2026ou pas.<br>L&rsquo;intuition se r\u00e9v\u00e8le dans des ressentis subtils et se concr\u00e9tise par de nombreuses synchronicit\u00e9s qui se jouent d\u00e8s les premiers moments entre le coach et le coach\u00e9<br>Parfois m\u00eame avant la premi\u00e8re rencontre, dans des \u00e9changes t\u00e9l\u00e9phoniques ou bien dans des informations que l\u2019on pourrions avoir et qui ne trouvent pas forc\u00e9ment d\u2019explication rationnelle.<\/p>\n\n\n\n<p>J\u2019aime le mot synchonicit\u00e9 car j\u2019en ai v\u00e9cu un grand nombre et souvent avec justesse et pertinence pour \u00e9clairer mes accompagnements<\/p>\n\n\n\n<p><\/p>\n\n\n\n<h2 class=\"wp-block-heading\"><strong>Quand recourir au coaching&nbsp;Pro ?&nbsp;<\/strong><\/h2>\n\n\n\n<p><strong>L<\/strong>orsque :<\/p>\n\n\n\n<ul class=\"wp-block-list\">\n<li>Vous voulez &nbsp;investir durablement sur votre capital humain&nbsp;pour votre employabilit\u00e9 \u00e0 long terme!<\/li>\n\n\n\n<li>Vous recherchez un nouvel \u00e9quilibre entre vie personnelle et professionnelle <\/li>\n\n\n\n<li>La nouvelle strat\u00e9gie de votre entreprise implique des changements forts &nbsp;sur votre cadre de travail et vos \u00e9quipes<\/li>\n\n\n\n<li>Un contexte en forte \u00e9volution ou d\u2019innovation en rupture exige de vous une forte agilit\u00e9<\/li>\n\n\n\n<li>Une nouvelle politique, un nouvel actionnaire imprime un changement culturel fort qui vous d\u00e9concerte<\/li>\n\n\n\n<li>Un nouveau syst\u00e8me manag\u00e9rial se d\u00e9ploie dans votre organisation, et vous souhaitez diversifier votre style de management<\/li>\n\n\n\n<li>de nouveaux sch\u00e9mas d\u2019organisation vont ou ont \u00e9t\u00e9 d\u00e9cid\u00e9s et votre position est fragilis\u00e9e<\/li>\n\n\n\n<li>Vous envisagez un nouveau m\u00e9tier, un nouveau poste et vous souhaitez mettre toutes les chances de votre cot\u00e9<\/li>\n\n\n\n<li>L\u2019environnement VUCA n\u00e9cessite d\u2019\u00e9voluer rapidement avec de nouveaux paradigmes, et vous \u00eates convaincus qu&rsquo;il convient de retravailler diff\u00e9remment la vision et l&rsquo;alliance avec vos \u00e9quipes<\/li>\n\n\n\n<li>\u2026<\/li>\n<\/ul>\n\n\n\n<p><strong>Et aussi, parce qu&rsquo;une personne de confiance vous a conseill\u00e9 d&rsquo;avoir recours \u00e0 un coach et vous a propos\u00e9 de prendre contact avec moi <\/strong> \ud83d\ude09<\/p>\n\n\n\n<p><\/p>\n\n\n\n<h2 class=\"wp-block-heading\"><strong><u>Approches m\u00e9thodologiques utilis\u00e9es dans mes coaching:<\/u><\/strong><\/h2>\n\n\n\n<ul class=\"wp-block-list\">\n<li>Syst\u00e9mie<\/li>\n\n\n\n<li>Programmation Neuro-linguistique (PNL),<\/li>\n\n\n\n<li>Analyse Transactionnelle (AT) ,<\/li>\n\n\n\n<li>Management de la diversit\u00e9,<\/li>\n\n\n\n<li>Communication Non-Violente,<\/li>\n\n\n\n<li>Management 3.0<\/li>\n\n\n\n<li>Process com,<\/li>\n\n\n\n<li>Management du changement,<\/li>\n\n\n\n<li>Cr\u00e9ativit\u00e9<\/li>\n\n\n\n<li>Communication non-verbale,<\/li>\n\n\n\n<li>Visualisation positive,<\/li>\n\n\n\n<li>Efficience professionnelle &amp; Energie<\/li>\n<\/ul>\n\n\n\n<h2 class=\"wp-block-heading\">Zoom sur la syst\u00e9mie :<\/h2>\n\n\n\n<p>Pourquoi pr\u00e9f\u00e9rer un coach syst\u00e9mique ?<br><br>Pour ceux qui recherchent pour la 1ere fois un accompagnement \u00e0 forte valeur ajout\u00e9e par un coach professionnel certifi\u00e9, je vous invite \u00e0 regarder l\u2019\u00e9pisode N\u00b02 de notre web-s\u00e9rie.<br><br>Nous y d\u00e9finissons ce qu\u2019est le coaching syst\u00e9mique.<\/p>\n\n\n\n<figure class=\"wp-block-video aligncenter\"><video src=\"http:\/\/paul-amar.com\/wp-content\/uploads\/2021\/01\/Webserie-Coaching-systemique.mp4\"><\/video><\/figure>\n\n\n\n<p><br><br>L\u2019approche syst\u00e9mique est une des approches cl\u00e9s du coach professionnel, tant en accompagnement individuel que collectif.<br><br>Cela exige du coach une forte capacit\u00e9 \u00e0 appr\u00e9hender avec souplesse les multiples \u00ab\u00a0cercles\u00a0\u00bb de chaque situation :<br>Le contexte business (l&rsquo;entreprise dans ses march\u00e9s), le syst\u00e8me de l&rsquo;organisation de l&rsquo;entreprise, le syst\u00e8me de management (le manager et son \u00e9quipe\u2026et les diff\u00e9rentes pratiques de management), le d\u00e9veloppement personnel du coach\u00e9, la relation coach-coach\u00e9\u2026<\/p>\n\n\n\n<p>Bref, un regard circulaire entre les syst\u00e8mes inter-d\u00e9pendants<\/p>\n\n\n\n<p><span class=\"has-inline-color has-vivid-green-cyan-color\"><\/span><\/p>\n\n\n\n<p><\/p>\n\n\n\n<p><\/p>\n\n\n\n<h2 class=\"wp-block-heading\">Zoom sur la <strong>PNL  : une longue histoire bien ancr\u00e9e<\/strong><\/h2>\n\n\n\n<p><\/p>\n\n\n\n<p>Dans le cursus de 3 ans au sein de Skema Business School, \u00e0 25 ans, j\u2019ai \u00e9t\u00e9 form\u00e9 \u00e0 la <strong>Programmation Neuro-Linguistique<\/strong> (PNL), l\u2019analyse transactionnelle, et aux techniques de communication avanc\u00e9es de l\u2019\u00e9cole de Palo Alto et \u00e0 bien d\u2019autres disciplines\u2026.riches dans leur dimensions humaines<\/p>\n\n\n\n<p>Le plus grand coach, Robert Dilts, pape historique du m\u00e9tier vient de la PNL. Le rencontrer et \u00e9changer avec lui sur son dernier livre dans le cadre d&rsquo;une conf\u00e9rence organis\u00e9e 30 ans plus tard  par SKEMA est un juste retour aux sources!<\/p>\n\n\n\n<figure class=\"wp-block-image size-large\"><img loading=\"lazy\" decoding=\"async\" width=\"683\" height=\"1024\" src=\"http:\/\/paul-amar.com\/wp-content\/uploads\/2020\/11\/Paul-et-Robert-Dilts-2-683x1024.jpg\" alt=\"\" class=\"wp-image-183\" srcset=\"https:\/\/paul-amar.com\/wp-content\/uploads\/2020\/11\/Paul-et-Robert-Dilts-2-683x1024.jpg 683w, https:\/\/paul-amar.com\/wp-content\/uploads\/2020\/11\/Paul-et-Robert-Dilts-2-200x300.jpg 200w, https:\/\/paul-amar.com\/wp-content\/uploads\/2020\/11\/Paul-et-Robert-Dilts-2-768x1152.jpg 768w, https:\/\/paul-amar.com\/wp-content\/uploads\/2020\/11\/Paul-et-Robert-Dilts-2.jpg 800w\" sizes=\"(max-width: 683px) 100vw, 683px\" \/><figcaption class=\"wp-element-caption\">Robert Dilts, lors de sa 2eme conf\u00e9rence SKEMA \u00e0 Paris<\/figcaption><\/figure>\n\n\n\n<p><\/p>\n\n\n\n<p>En toute logique, &nbsp;je m\u2019int\u00e9resse dans mon parcours \u00e0 l\u2019hypnose qui est une prolongation de la PNL :  Hypnose ericksonienne et hypnose conversationnelle<\/p>\n\n\n\n<p>J\u2019ai pu assister \u00e0 une session sur sc\u00e8ne de&nbsp;&nbsp;Giorgio Nardonne en hypnose conversationnelle au congr\u00e8s national de l\u2019hypnose,  organis\u00e9 par L\u2019arche, \u00e9cole de r\u00e9f\u00e9rence dans cette discipline<\/p>\n\n\n\n<h2 class=\"wp-block-heading\"><\/h2>\n\n\n\n<p><\/p>\n\n\n\n<p><\/p>\n\n\n\n<h2 class=\"wp-block-heading\">Zoom sur la <strong>Cr\u00e9ativit\u00e9<\/strong> : <\/h2>\n\n\n\n<p>&nbsp;Expert en cr\u00e9ativit\u00e9, form\u00e9 sur 3 ann\u00e9es \u00e0 animer et former des animateurs en cr\u00e9ativit\u00e9, j&rsquo;ai form\u00e9 de nombreux collectifs sur des approches sp\u00e9cifiques de cr\u00e9ativit\u00e9 comme le Design Thinking, ASIT, Prospective, Matrice Osborn&#8230;.pour des \u00e9quipes R&amp;D,  marketing et innovation  : BIODERMA, APTAR, &#8230;<\/p>\n\n\n\n<p> j\u2019ai anim\u00e9 durant des ann\u00e9es &nbsp;des sessions cr\u00e9atives pour d\u00e9velopper de nouvelles offres et \u00e9laborer de nouvelles strat\u00e9gies de d\u00e9veloppement<\/p>\n\n\n\n<p>Aujourd\u2019hui, j\u2019int\u00e8gre &nbsp;les &nbsp;250 techniques de cr\u00e9ativit\u00e9 &nbsp;dans mes coachings collectifs et d\u2019organisation<\/p>\n\n\n\n<p>Ainsi, lors d\u2019un coaching d\u2019organisation dans une grande banque fran\u00e7aise, j\u2019ai coop\u00e9r\u00e9 avec 4 autres consultants (Lean manager, formateur, conseil en organisation\u2026) pour coacher l\u2019ensemble des managers de cette filiale BtoB en pleine r\u00e9organisation. J\u2019y &nbsp;ai apport\u00e9 durant 9 mois ma posture de coach et mes approches cr\u00e9ativit\u00e9 pour relever ce d\u00e9fi strat\u00e9gique<\/p>\n\n\n\n<figure class=\"wp-block-image size-large is-style-rounded\"><img loading=\"lazy\" decoding=\"async\" width=\"1024\" height=\"576\" src=\"http:\/\/paul-amar.com\/wp-content\/uploads\/2021\/01\/Validation-idee-avant-de-coller-1024x576.jpg\" alt=\"\" class=\"wp-image-361\" srcset=\"https:\/\/paul-amar.com\/wp-content\/uploads\/2021\/01\/Validation-idee-avant-de-coller-1024x576.jpg 1024w, https:\/\/paul-amar.com\/wp-content\/uploads\/2021\/01\/Validation-idee-avant-de-coller-300x169.jpg 300w, https:\/\/paul-amar.com\/wp-content\/uploads\/2021\/01\/Validation-idee-avant-de-coller-768x432.jpg 768w, https:\/\/paul-amar.com\/wp-content\/uploads\/2021\/01\/Validation-idee-avant-de-coller-1536x864.jpg 1536w, https:\/\/paul-amar.com\/wp-content\/uploads\/2021\/01\/Validation-idee-avant-de-coller-2048x1152.jpg 2048w, https:\/\/paul-amar.com\/wp-content\/uploads\/2021\/01\/Validation-idee-avant-de-coller-1080x608.jpg 1080w\" sizes=\"(max-width: 1024px) 100vw, 1024px\" \/><\/figure>\n\n\n\n<p>J&rsquo;ai \u00e9galement accompagn\u00e9 le comit\u00e9 de direction d&rsquo;une r\u00e9gion  PST Pr\u00e9vention Sant\u00e9 au Travail , (plus connue sous l&rsquo;ancienne appellation M\u00e9decine du travail) dans sa vision \u00e0 long terme lors d&rsquo;un s\u00e9minaire qui reprenait avec cr\u00e9ativit\u00e9, les tonalit\u00e9s de la Psychologie Positive.<\/p>\n\n\n\n<figure class=\"wp-block-gallery has-nested-images columns-default is-cropped wp-block-gallery-2 is-layout-flex wp-block-gallery-is-layout-flex\">\n<figure class=\"wp-block-image size-large\"><img loading=\"lazy\" decoding=\"async\" width=\"768\" height=\"1024\" data-id=\"228\" src=\"https:\/\/paul-amar.com\/wp-content\/uploads\/2020\/12\/Crea-Coaching-768x1024.jpg\" alt=\"\" class=\"wp-image-228\" srcset=\"https:\/\/paul-amar.com\/wp-content\/uploads\/2020\/12\/Crea-Coaching-768x1024.jpg 768w, https:\/\/paul-amar.com\/wp-content\/uploads\/2020\/12\/Crea-Coaching-225x300.jpg 225w, https:\/\/paul-amar.com\/wp-content\/uploads\/2020\/12\/Crea-Coaching-1152x1536.jpg 1152w, https:\/\/paul-amar.com\/wp-content\/uploads\/2020\/12\/Crea-Coaching-1536x2048.jpg 1536w, https:\/\/paul-amar.com\/wp-content\/uploads\/2020\/12\/Crea-Coaching-1080x1440.jpg 1080w, https:\/\/paul-amar.com\/wp-content\/uploads\/2020\/12\/Crea-Coaching-scaled.jpg 1920w\" sizes=\"(max-width: 768px) 100vw, 768px\" \/><\/figure>\n\n\n\n<figure class=\"wp-block-image size-large\"><img loading=\"lazy\" decoding=\"async\" width=\"1024\" height=\"768\" data-id=\"229\" src=\"https:\/\/paul-amar.com\/wp-content\/uploads\/2020\/12\/Pieds-1024x768.jpg\" alt=\"\" class=\"wp-image-229\" srcset=\"https:\/\/paul-amar.com\/wp-content\/uploads\/2020\/12\/Pieds-1024x768.jpg 1024w, https:\/\/paul-amar.com\/wp-content\/uploads\/2020\/12\/Pieds-300x225.jpg 300w, https:\/\/paul-amar.com\/wp-content\/uploads\/2020\/12\/Pieds-768x576.jpg 768w, https:\/\/paul-amar.com\/wp-content\/uploads\/2020\/12\/Pieds-1536x1152.jpg 1536w, https:\/\/paul-amar.com\/wp-content\/uploads\/2020\/12\/Pieds-2048x1536.jpg 2048w, https:\/\/paul-amar.com\/wp-content\/uploads\/2020\/12\/Pieds-1080x810.jpg 1080w\" sizes=\"(max-width: 1024px) 100vw, 1024px\" \/><\/figure>\n\n\n\n<figure class=\"wp-block-image size-large\"><img loading=\"lazy\" decoding=\"async\" width=\"768\" height=\"537\" data-id=\"389\" src=\"https:\/\/paul-amar.com\/wp-content\/uploads\/2021\/06\/Photo-Cubes-2.png\" alt=\"\" class=\"wp-image-389\" srcset=\"https:\/\/paul-amar.com\/wp-content\/uploads\/2021\/06\/Photo-Cubes-2.png 768w, https:\/\/paul-amar.com\/wp-content\/uploads\/2021\/06\/Photo-Cubes-2-300x210.png 300w\" sizes=\"(max-width: 768px) 100vw, 768px\" \/><\/figure>\n<\/figure>\n\n\n\n<p class=\"has-text-align-center\"><\/p>\n\n\n\n<p><\/p>\n\n\n\n<p>D\u00e9couvrez aussi la page coaching et supervision de mon site professionnel&nbsp;ou pour une pr\u00e9sentation d\u00e9taill\u00e9 de mon cabinet que j&rsquo;ai cr\u00e9\u00e9 en 2008 : rendez-vous sur <span class=\"has-inline-color has-vivid-cyan-blue-color\">www.a-marketing.eu<\/span><\/p>\n","protected":false},"excerpt":{"rendered":"<p>Je suis coach pro : Un professionnel form\u00e9 et certifi\u00e9 pour accompagner une personne ou un groupe de personnes dans le savoir-\u00eatre Quel type de coach suis-je ? Je suis [&hellip;]<\/p>\n","protected":false},"author":1,"featured_media":0,"parent":0,"menu_order":0,"comment_status":"closed","ping_status":"closed","template":"","meta":{"_et_pb_use_builder":"","_et_pb_old_content":"","_et_gb_content_width":"1080","_monsterinsights_skip_tracking":false,"_monsterinsights_sitenote_active":false,"_monsterinsights_sitenote_note":"","_monsterinsights_sitenote_category":0,"footnotes":""},"class_list":["post-177","page","type-page","status-publish","hentry"],"_links":{"self":[{"href":"https:\/\/paul-amar.com\/index.php\/wp-json\/wp\/v2\/pages\/177","targetHints":{"allow":["GET"]}}],"collection":[{"href":"https:\/\/paul-amar.com\/index.php\/wp-json\/wp\/v2\/pages"}],"about":[{"href":"https:\/\/paul-amar.com\/index.php\/wp-json\/wp\/v2\/types\/page"}],"author":[{"embeddable":true,"href":"https:\/\/paul-amar.com\/index.php\/wp-json\/wp\/v2\/users\/1"}],"replies":[{"embeddable":true,"href":"https:\/\/paul-amar.com\/index.php\/wp-json\/wp\/v2\/comments?post=177"}],"version-history":[{"count":28,"href":"https:\/\/paul-amar.com\/index.php\/wp-json\/wp\/v2\/pages\/177\/revisions"}],"predecessor-version":[{"id":922,"href":"https:\/\/paul-amar.com\/index.php\/wp-json\/wp\/v2\/pages\/177\/revisions\/922"}],"wp:attachment":[{"href":"https:\/\/paul-amar.com\/index.php\/wp-json\/wp\/v2\/media?parent=177"}],"curies":[{"name":"wp","href":"https:\/\/api.w.org\/{rel}","templated":true}]}}